695
What is the remainder when 1300460 is divided by 1294?
1284
Calculate the remainder when 3255582 is divided by 4903.
4893
What is the remainder when 10369347 is divided by 55?
32
Calculate the remainder when 25452602 is divided by 244.
230
Calculate the remainder when 95473 is divided by 90748.
4725
Calculate the remainder when 388690 is divided by 29898.
16
What is the remainder when 9919 is divided by 5290?
4629
Calculate the remainder when 119136 is divided by 3943.
846
Calculate the remainder when 15831855 is divided by 5277206.
237
What is the remainder when 364687 is divided by 182316?
55
Calculate the remainder when 62592 is divided by 871.
751
What is the remainder when 34510 is divided by 62?
38
What is the remainder when 889615 is divided by 636?
487
What is the remainder when 39262 is divided by 13047?
121
Calculate the remainder when 1956767 is divided by 109.
108
Calculate the remainder when 23509724 is divided by 361688.
4
Calculate the remainder when 16873569 is divided by 5355.
5319
Calculate the remainder when 1812 is divided by 581.
69
What is the remainder when 15152260 is divided by 6172?
0
What is the remainder when 387902 is divided by 10199?
340
Calculate the remainder when 865389 is divided by 216341.
25
Calculate the remainder when 80819061 is divided by 18.
15
What is the remainder when 7967752 is divided by 144867?
67
What is the remainder when 504194 is divided by 667?
609
Calculate the remainder when 2146728 is divided by 468.
12
Calculate the remainder when 786794 is divided by 1619.
1579
What is the remainder when 2395473 is divided by 254?
253
Calculate the remainder when 3057724 is divided by 191106.
28
Calculate the remainder when 44281 is divided by 1065.
616
Calculate the remainder when 45678 is divided by 1899.
102
Calculate the remainder when 1708868 is divided by 672.
644
Calculate the remainder when 33919701 is divided by 14.
11
What is the remainder when 10356107 is divided by 4779?
14
Calculate the remainder when 447390 is divided by 1377.
1242
Calculate the remainder when 6216 is divided by 181.
62
Calculate the remainder when 681893 is divided by 113620.
173
What is the remainder when 2080700 is divided by 37?
5
Calculate the remainder when 2800441 is divided by 139.
8
What is the remainder when 10873104 is divided by 635?
634
What is the remainder when 287160 is divided by 591?
525
What is the remainder when 4145743 is divided by 460635?
28
Calculate the remainder when 11275674 is divided by 556.
550
Calculate the remainder when 36260790 is divided by 973.
972
Calculate the remainder when 125706 is divided by 3387.
387
What is the remainder when 60848266 is divided by 38?
6
Calculate the remainder when 122634 is divided by 1986.
1488
What is the remainder when 17652051 is divided by 294?
291
What is the remainder when 35802988 is divided by 9?
7
Calculate the remainder when 68617383 is divided by 18.
15
Calculate the remainder when 3515116 is divided by 34.
26
What is the remainder when 12875675 is divided by 467?
18
Calculate the remainder when 2058718 is divided by 686236.
10
Calculate the remainder when 4786050 is divided by 4638.
4272
What is the remainder when 19433508 is divided by 299?
3
What is the remainder when 43752289 is divided by 2175?
2164
Calculate the remainder when 132665 is divided by 65211.
2243
What is the remainder when 985106 is divided by 890?
766
Calculate the remainder when 146265 is divided by 35310.
5025
Calculate the remainder when 10648172 is divided by 1072.
1068
Calculate the remainder when 30749345 is divided by 1381.
1380
What is the remainder when 55056 is divided by 697?
690
What is the remainder when 189111211 is divided by 63037061?
28
What is the remainder when 1579311 is divided by 155?
16
What is the remainder when 17361 is divided by 943?
387
Calculate the remainder when 15224768 is divided by 110.
108
What is the remainder when 35631 is divided by 646?
101
Calculate the remainder when 419370 is divided by 59902.
56
What is the remainder when 240389 is divided by 244?
49
Calculate the remainder when 50279 is divided by 49104.
1175
What is the remainder when 2484016 is divided by 7642?
366
Calculate the remainder when 410219 is divided by 159.
158
What is the remainder when 7446888 is divided by 80?
8
What is the remainder when 942673 is divided by 144?
49
What is the remainder when 147516 is divided by 352?
28
Calculate the remainder when 591627 is divided by 295805.
17
What is the remainder when 7292021 is divided by 1506?
1475
What is the remainder when 1504101 is divided by 859?
851
Calculate the remainder when 788691 is divided by 56334.
15
What is the remainder when 933799 is divided by 133399?
6
What is the remainder when 25215260 is divided by 12607610?
40
What is the remainder when 4821539 is divided by 523?
2
What is the remainder when 100317024 is divided by 1265?
1259
Calculate the remainder when 2320407 is divided by 59.
55
What is the remainder when 2405 is divided by 270?
245
What is the remainder when 52904906 is divided by 815?
811
Calculate the remainder when 913992 is divided by 24.
0
Calculate the remainder when 1052790 is divided by 764.
762
Calculate the remainder when 332747 is divided by 21.
2
Calculate the remainder when 55921739 is divided by 20.
19
Calculate the remainder when 11110 is divided by 2434.
1374
What is the remainder when 4120891 is divided by 7746?
19
Calculate the remainder when 1312890 is divided by 2061.
33
Calculate the remainder when 1391986 is divided by 77332.
10
What is the remainder when 14280899 is divided by 43?
40
Calculate the remainder when 3621726 is divided by 343.
332
Calculate the remainder when 15120997 is divided by 127.
123
What is the remainder when 4633896 is divided by 10185?
9906
Calculate the remainder when 2006 is divided by 1966.
40
Calculate the remainder when 3667092 is divided by 389.
378
What is the remainder when 2023235 is divided by 20645?
25
Calculate the remainder when 304269 is divided by 7244.
21
What is the remainder when 2471264 is divided by 494251?
9
Calculate the remainder when 183676 is divided by 1148.
1144
What is the remainder when 8870 is divided by 1894?
1294
What is the remainder when 864597 is divided by 1322?
9
Calculate the remainder when 221525 is divided by 397.
396
What is the remainder when 68285 is divided by 414?
389
Calculate the remainder when 1962900 is divided by 2983.
86
Calculate the remainder when 3019526 is divided by 11.
4
What is the remainder when 2887794 is divided by 962589?
27
Calculate the remainder when 88257437 is divided by 5114.
25
What is the remainder when 4967467 is divided by 20?
7
Calculate the remainder when 184799 is divided by 914.
171
What is the remainder when 6350100 is divided by 5146?
5082
What is the remainder when 94251 is divided by 118?
87
What is the remainder when 96078769 is divided by 75179?
7
What is the remainder when 21639 is divided by 5401?
35
What is the remainder when 440105324 is divided by 117?
113
Calculate the remainder when 49563941 is divided by 16521313.
2
Calculate the remainder when 15461639 is divided by 83.
67
Calculate the remainder when 124359059 is divided by 98.
97
Calculate the remainder when 90137 is divided by 3983.
2511
Calculate the remainder when 31132122 is divided by 75.
72
Calculate the remainder when 4440365 is divided by 171.
8
What is the remainder when 1809191 is divided by 584?
543
What is the remainder when 326797 is divided by 8563?
1403
What is the remainder when 7066623 is divided by 330?
3
What is the remainder when 386618 is divided by 1224?
1058
What is the remainder when 1000906 is divided by 22242?
16
What is the remainder when 173458 is divided by 1058?
1004
Calculate the remainder when 1615362 is divided by 320.
2
Calculate the remainder when 105454 is divided by 1576.
1438
Calculate the remainder when 1569785 is divided by 35.
0
What is the remainder when 3027340 is divided by 439?
435
What is the remainder when 3552147 is divided by 3552145?
2
What is the remainder when 371580 is divided by 46?
38
Calculate the remainder when 638177 is divided by 11777.
2219
What is the remainder when 174438 is divided by 619?
499
What is the remainder when 443416 is divided by 331